 base 4, what is 12222230300 - -131?
12222231031
In base 5, what is 41 + -4023344213?
-4023344122
In base 16, what is fb93a3 - 1?
fb93a2
In base 10, what is 752 + 3687?
4439
In base 16, what is -901af - -8?
-901a7
In base 14, what is 2624 - -973?
3197
In base 2, what is -1011110111 - -10110100110000100010?
10110100100100101011
In base 12, what is 442 - -37a36?
38278
In base 7, what is -631362144 + 0?
-631362144
In base 12, what is -26 - 63399?
-63403
In base 10, what is 1760 - 23014?
-21254
In base 13, what is 0 + -a07a6?
-a07a6
In base 6, what is 3 + -115155021?
-115155014
In base 7, what is 424046214 + -3?
424046211
In base 2, what is -100011111 - 1111010110001011?
-1111011010101010
In base 11, what is 32137a5 - 5?
32137a0
In base 9, what is -51202 - 2313?
-53515
In base 4, what is 3331003230 + -120?
3331003110
In base 5, what is -121330403 - 112?
-121331020
In base 8, what is -1 - -4467076?
4467075
In base 5, what is -30 - 14114142101?
-14114142131
In base 7, what is -15631 - 3552?
-22513
In base 6, what is 1404411325 - 3?
1404411322
In base 12, what is 7a225585 + -2?
7a225583
In base 2, what is -10 + -100011000100010110011001011?
-100011000100010110011001101
In base 6, what is 410 + 5452444?
5453254
In base 14, what is -25b - -52c0?
5063
In base 6, what is -1003 + 3424455?
3423452
In base 5, what is 12201144 - 2330?
12143314
In base 2, what is -100001111000 + -11110001100010?
-100010011011010
In base 16, what is -26cc62 - 5f?
-26ccc1
In base 10, what is -5 + -12333534?
-12333539
In base 2, what is -110 - 1111110100000011000010110?
-1111110100000011000011100
In base 5, what is 2 - -24214121143?
24214121200
In base 6, what is 1 + 1121144330?
1121144331
In base 3, what is -120011011 - 200201?
-120211212
In base 15, what is -bed + -1d3?
-dd1
In base 7, what is -4 - 142113233?
-142113240
In base 4, what is -11323330013232 + 1?
-11323330013231
In base 14, what is bc794ad - -5?
bc794b4
In base 4, what is 100 - 1011031233313?
-1011031233213
In base 13, what is 3 + b9359a1?
b9359a4
In base 5, what is -12413 - 3211400?
-3224313
In base 12, what is -9b92a - -31b?
-9b60b
In base 11, what is 1664 - -354781?
356335
In base 2, what is 100110101 - -11011100111101001011?
11011101000010000000
In base 2, what is -101110 + 111110101001001010?
111110101000011100
In base 5, what is -2 - -3144042423?
3144042421
In base 16, what is 7a8 + -5183f?
-51097
In base 9, what is -10 + 12762433?
12762423
In base 11, what is -1 + -21a55005?
-21a55006
In base 12, what is -40 - aa0201?
-aa0241
In base 8, what is -10415514 + 7?
-10415505
In base 2, what is 10110100101010100 + 100011?
10110100101110111
In base 14, what is -4ada0a - c?
-4ada18
In base 7, what is -3065013 - -1131?
-3063552
In base 2, what is 1001111111110 + -10000111110111?
-110111111001
In base 7, what is 30 + -4225666?
-4225636
In base 4, what is -113301230 + -202103?
-120103333
In base 9, what is -27 + -51660875?
-51661013
In base 2, what is -11110001011010100 - 11?
-11110001011010111
In base 6, what is 0 + 1211543151?
1211543151
In base 12, what is -871a38 + 6?
-871a32
In base 5, what is 20314410143 + 0?
20314410143
In base 13, what is -5 + 3a46069?
3a46064
In base 6, what is -30 + -255342143?
-255342213
In base 11, what is -a0035103 + 3?
-a0035100
In base 3, what is -1020 - 20222100202002?
-20222100210022
In base 11, what is -3 + 73185839?
73185836
In base 4, what is 22212111 - -10110?
22222221
In base 4, what is 112131220121 + -1?
112131220120
In base 9, what is -188 + -4028?
-4227
In base 12, what is 22a0652b - 0?
22a0652b
In base 12, what is -5 + 11927b6a?
11927b65
In base 13, what is -1a177b93 + -2?
-1a177b95
In base 14, what is 1303a0a6 + 0?
1303a0a6
In base 7, what is 24500332 + -6?
24500323
In base 8, what is 445 + -3774726?
-3774261
In base 4, what is 11 - 113030031130?
-113030031113
In base 10, what is -68 + 149586?
149518
In base 7, what is -5454035032 - 5?
-5454035040
In base 4, what is 2212030000130 + 1?
2212030000131
In base 7, what is -121415 - -10544?
-110541
In base 5, what is 3301 - 10041422?
-10033121
In base 9, what is -45841 - 67213?
-124154
In base 14, what is -48a35375 - -4?
-48a35371
In base 15, what is -1d89 + -1d5?
-206e
In base 7, what is 551323463 - -50?
551323543
In base 14, what is -1802ad + 10?
-18029d
In base 16, what is 5e + 37cf1?
37d4f
In base 10, what is -37985 - 1308?
-39293
In base 15, what is -1ed78d1 - -1?
-1ed78d0
In base 6, what is 21 - -124344424?
124344445
In base 12, what is -93 + 97985?
978b2
In base 5, what is 1111 - 1000430?
-444314
In base 16, what is -1ad122f - 2?
-1ad1231
In base 15, what is -b + 85c56?
85c4a
In base 5, what is 30443 + -4241?
21202
In base 10, what is -142197658 + -3?
-142197661
In base 11, what is -3340492 + -5?
-3340497
In base 10, what is -10 + 2474712?
2474702
In base 13, what is 32689 - -1b5?
32871
In base 9, what is 338 + 887085?
887434
In base 15, what is 2b3 - -8083?
8346
In base 15, what is 1 - 6add79d?
-6add79c
In base 4, what is -10302233201012 - 11?
-10302233201023
In base 12, what is 158 + -1344a0?
-134344
In base 6, what is -11254452 + -340?
-11255232
In base 8, what is -4 - 1241134?
-1241140
In base 12, what is -5 - 20332a7?
-20332b0
In base 9, what is -21520 + -5056?
-26576
In base 3, what is 1021110 + 1020201?
2112011
In base 7, what is -103605 + -441?
-104346
In base 11, what is -85136a - 40?
-8513aa
In base 13, what is -266 + 1505b?
14ac5
In base 5, what is 2013 - -23314?
30332
In base 4, what is -12 - 313311120202?
-313311120220
In base 15, what is 227ebd51 + 2?
227ebd53
In base 14, what is -2075c - 3?
-20761
In base 6, what is -105 - 1125153?
-1125302
In base 6, what is 105023524 + -20?
105023504
In base 9, what is -81463 + -23?
-81486
In base 10, what is -332 + 496959?
496627
In base 16, what is 8835 + 2f?
8864
In base 3, what is 10112210 - -20002020010?
20012202220
In base 14, what is -61259a - b?
-6125a7
In base 2, what is -100000011001011011 + 1111110?
-100000010111011101
In base 2, what is -101101000110000010 + 10011?
-101101000101101111
In base 5, what is -13120032 + 104114?
-13010413
In base 10, what is -116 + -202386?
-202502
In base 14, what is 7a - -b6d?
c09
In base 16, what is 11174 + 83?
111f7
In base 12, what is 3a73 - 419?
3656
In base 6, what is -305 + 431250054?
431245345
In base 5, what is 3 - 100443021420?
-100443021412
In base 8, what is 45666 + 126?
46014
In base 10, what is -2 - -2413836?
2413834
In base 10, what is -1331 + 51578?
50247
In base 13, what is 4 - -1685c6?
1685ca
In base 15, what is 3 + 11ea7429?
11ea742c
In base 8, what is 6001261 + 213?
6001474
In base 4, what is -330233 - -1103131?
112232
In base 14, what is 139 + 60a68?
60ba3
In base 12, what is -30633a - -5?
-306335
In base 13, what is 55 + 70992?
70a17
In base 11, what is 41a - -13124?
13543
In base 16, what is 2 + -7c2189?
-7c2187
In base 6, what is 1 + 40503400313?
40503400314
In base 2, what is 10110110110011000100 - -10?
10110110110011000110
In base 4, what is -1003111 + -30000113?
-31003230
In base 14, what is -15d6171 + -2?
-15d6173
In base 12, what is 97 - -236243?
23631a
In base 6, what is -4 + 13025235123?
13025235115
In base 14, what is -84 + -172b0?
-17354
In base 13, what is 10665 - -46?
106ab
In base 9, what is -243216 - -100?
-243116
In base 11, what is -1096 - -11125?
1003a
In base 10, what is 4 - 91199722?
-91199718
In base 4, what is 132203 - 3300122303?
-3233330100
In base 12, what is -166 + -7aba68?
-7b0012
In base 11, what is -8634 + -1?
-8635
In base 3, what is -22200221 + -20112011?
-120020002
In base 8, what is -22740625 + -5?
-22740632
In base 6, what is 230 - 435213?
-434543
In base 14, what is -929903 - 1?
-929904
In base 12, what is -3700126 + 24?
-3700102
In base 15, what is bc74cb + 3?
bc74ce
In base 9, what is -41345448 + -3?
-41345452
In base 15, what is -5c905d4 - 4?
-5c905d8
In base 12, what is -b - -720054?
720045
In base 13, what is 652c8 + 1b?
65316
In base 5, what is -2 - -3301141100?
3301141043
In base 7, what is -4563 - 201150?
-206043
In base 15, what is -c4539 + -15e?
-c4698
In base 14, what is -5715 + -515?
-5c2a
In base 9, what is 6 + 23421687?
23421704
In base 2, what is 101001 + -10000110101110011000?
-10000110101101101111
In base 3, what is 101221 - -120100000122?
120100102120
In b